{"id":21,"date":"2017-08-14T09:32:25","date_gmt":"2017-08-14T09:32:25","guid":{"rendered":"https:\/\/elsade.com\/elsade\/es\/?page_id=21"},"modified":"2017-09-05T11:08:41","modified_gmt":"2017-09-05T11:08:41","slug":"alquiler","status":"publish","type":"page","link":"https:\/\/elsade.com\/es\/alquiler\/","title":{"rendered":"Alquiler"},"content":{"rendered":"<div class=\"su-row\">\n<div class=\"su-column su-column-size-2-5\"><div class=\"su-column-inner su-u-clearfix su-u-trim\"> El alquiler de equipos y maquinaria es, en muchos casos, una opci\u00f3n m\u00e1s flexible y eficaz para las necesidades intralog\u00edsticas de su empresa. Le permitir\u00e1 adecuar sus equipos a las necesidades de cada momento y mantener siempre su parque de veh\u00edculos renovada. Adem\u00e1s, esta opci\u00f3n le permite una desgravaci\u00f3n fiscal y transformar sus gastos variables en fijos.<\/p>\n<p>En Msf disponemos de una amplia gama de equipos para gestionar la log\u00edstica interna de su empresa con diversas modalidades de alquiler, ofreci\u00e9ndole un contrato a medida seg\u00fan sus necesidades:<\/p>\n<p>&#8211; Alquiler a largo plazo (renting y leasing)<\/p>\n<p>&#8211; Alquiler a corto plazo: puntual y con total flexibilidad<\/p>\n<p>&nbsp;<\/p>\n<h4>Alquilamos todo tipo de Carretillas Elevadoras:<\/h4>\n<p style=\"padding-left: 30px;\">TRANSPALETAS<\/p>\n<p style=\"padding-left: 30px;\">APILADORAS<\/p>\n<p style=\"padding-left: 30px;\">RETR\u00c1CTIL<\/p>\n<p style=\"padding-left: 30px;\">CARRETILLAS EL\u00c9CTRICAS<\/p>\n<p style=\"padding-left: 30px;\">CARRETILLAS DIESEL<\/p>\n<\/div><\/div><div class=\"su-column su-column-size-3-5\"><div class=\"su-column-inner su-u-clearfix su-u-trim\">\n<img loading=\"lazy\" decoding=\"async\" class=\"alignnone wp-image-305 size-full\" src=\"https:\/\/elsade.com\/wp-content\/uploads\/2016\/07\/Apiladors_1_01.jpg\" alt=\"Alquiler de equipos y maquinaria industrial. Carretillas Elevadoras. Apiladoras\" width=\"285\" height=\"242\" \/> <img loading=\"lazy\" decoding=\"async\" class=\"alignnone wp-image-308 size-full\" src=\"https:\/\/elsade.com\/wp-content\/uploads\/2016\/07\/retractil_1_02.jpg\" alt=\"Alquiler de equipos y maquinaria industrial. Carretillas Elevadoras. Retr\u00e1ctil\" width=\"122\" height=\"242\" \/><img loading=\"lazy\" decoding=\"async\" class=\"alignnone wp-image-309 size-full\" src=\"https:\/\/elsade.com\/wp-content\/uploads\/2016\/07\/transpalets_1_03.jpg\" alt=\"Alquiler de equipos y maquinaria industrial. Carretillas Elevadoras. Transpaletas\" width=\"205\" height=\"242\" \/><img loading=\"lazy\" decoding=\"async\" class=\"alignnone wp-image-306 size-full\" src=\"https:\/\/elsade.com\/wp-content\/uploads\/2016\/07\/carretons_diesel_1_05.jpg\" alt=\"Alquiler de equipos y maquinaria industrial. Carretillas Elevadoras diesel\" width=\"327\" height=\"242\" \/> <img loading=\"lazy\" decoding=\"async\" class=\"alignnone wp-image-307 size-full\" src=\"https:\/\/elsade.com\/wp-content\/uploads\/2016\/07\/carretons_electrics_1_04.jpg\" alt=\"Alquiler de equipos y maquinaria industrial. Carretillas Elevadoras el\u00e9ctricas\" width=\"285\" height=\"242\" \/><\/p>\n<p><span style=\"font-size: 1.5em; color: #0a3687; text-align: left;\"><strong>Carretillas Elevadoras<\/strong><\/span><\/p>\n<p>Disponemos de una amplia gama de soluciones para la limpieza industrial.<\/p>\n<\/div><\/div>\n<\/div>\n<p>&nbsp;<\/p>\n<p>&nbsp;<\/p>\n","protected":false},"excerpt":{"rendered":"<p>&nbsp; &nbsp;<\/p>\n","protected":false},"author":1,"featured_media":0,"parent":0,"menu_order":0,"comment_status":"closed","ping_status":"closed","template":"templates\/template-full.php","meta":{"_mc_calendar":[],"footnotes":""},"class_list":["post-21","page","type-page","status-publish","hentry","post"],"yoast_head":"<!-- This site is optimized with the Yoast SEO plugin v26.9 - https:\/\/yoast.com\/product\/yoast-seo-wordpress\/ -->\n<title>Alquiler de equipos y maquinaria industrial. Carretillas Elevadoras - Rent a Car Msf<\/title>\n<meta name=\"description\" content=\"Amplia gama para alquiler de equipos y maquinaria industrial. Carretillas Elevadoras: transpaletas, apiladoras, retr\u00e1ctil, carretillas el\u00e9ctricas y diesel\" \/>\n<meta name=\"robots\" content=\"index, follow, max-snippet:-1, max-image-preview:large, max-video-preview:-1\" \/>\n<link rel=\"canonical\" href=\"https:\/\/elsade.com\/es\/alquiler\/\" \/>\n<meta property=\"og:locale\" content=\"es_ES\" \/>\n<meta property=\"og:type\" content=\"article\" \/>\n<meta property=\"og:title\" content=\"Alquiler de equipos y maquinaria industrial. Carretillas Elevadoras - Rent a Car Msf\" \/>\n<meta property=\"og:description\" content=\"Amplia gama para alquiler de equipos y maquinaria industrial. Carretillas Elevadoras: transpaletas, apiladoras, retr\u00e1ctil, carretillas el\u00e9ctricas y diesel\" \/>\n<meta property=\"og:url\" content=\"https:\/\/elsade.com\/es\/alquiler\/\" \/>\n<meta property=\"og:site_name\" content=\"ELSADE MANUTENCI\u00d3\" \/>\n<meta property=\"article:modified_time\" content=\"2017-09-05T11:08:41+00:00\" \/>\n<meta name=\"twitter:card\" content=\"summary_large_image\" \/>\n<meta name=\"twitter:label1\" content=\"Tiempo de lectura\" \/>\n\t<meta name=\"twitter:data1\" content=\"1 minuto\" \/>\n<script type=\"application\/ld+json\" class=\"yoast-schema-graph\">{\"@context\":\"https:\/\/schema.org\",\"@graph\":[{\"@type\":\"WebPage\",\"@id\":\"https:\/\/elsade.com\/es\/alquiler\/\",\"url\":\"https:\/\/elsade.com\/es\/alquiler\/\",\"name\":\"Alquiler de equipos y maquinaria industrial. Carretillas Elevadoras - Rent a Car Msf\",\"isPartOf\":{\"@id\":\"https:\/\/elsade.com\/es\/#website\"},\"primaryImageOfPage\":{\"@id\":\"https:\/\/elsade.com\/es\/alquiler\/#primaryimage\"},\"image\":{\"@id\":\"https:\/\/elsade.com\/es\/alquiler\/#primaryimage\"},\"thumbnailUrl\":\"https:\/\/elsade.com\/wp-content\/uploads\/2016\/07\/Apiladors_1_01.jpg\",\"datePublished\":\"2017-08-14T09:32:25+00:00\",\"dateModified\":\"2017-09-05T11:08:41+00:00\",\"description\":\"Amplia gama para alquiler de equipos y maquinaria industrial. Carretillas Elevadoras: transpaletas, apiladoras, retr\u00e1ctil, carretillas el\u00e9ctricas y diesel\",\"breadcrumb\":{\"@id\":\"https:\/\/elsade.com\/es\/alquiler\/#breadcrumb\"},\"inLanguage\":\"es\",\"potentialAction\":[{\"@type\":\"ReadAction\",\"target\":[\"https:\/\/elsade.com\/es\/alquiler\/\"]}]},{\"@type\":\"ImageObject\",\"inLanguage\":\"es\",\"@id\":\"https:\/\/elsade.com\/es\/alquiler\/#primaryimage\",\"url\":\"https:\/\/elsade.com\/wp-content\/uploads\/2016\/07\/Apiladors_1_01.jpg\",\"contentUrl\":\"https:\/\/elsade.com\/wp-content\/uploads\/2016\/07\/Apiladors_1_01.jpg\"},{\"@type\":\"BreadcrumbList\",\"@id\":\"https:\/\/elsade.com\/es\/alquiler\/#breadcrumb\",\"itemListElement\":[{\"@type\":\"ListItem\",\"position\":1,\"name\":\"Portada\",\"item\":\"https:\/\/elsade.com\/es\/\"},{\"@type\":\"ListItem\",\"position\":2,\"name\":\"Alquiler\"}]},{\"@type\":\"WebSite\",\"@id\":\"https:\/\/elsade.com\/es\/#website\",\"url\":\"https:\/\/elsade.com\/es\/\",\"name\":\"ELSADE MANUTENCI\u00d3\",\"description\":\"Formaci\u00f3n, cursos \",\"potentialAction\":[{\"@type\":\"SearchAction\",\"target\":{\"@type\":\"EntryPoint\",\"urlTemplate\":\"https:\/\/elsade.com\/es\/?s={search_term_string}\"},\"query-input\":{\"@type\":\"PropertyValueSpecification\",\"valueRequired\":true,\"valueName\":\"search_term_string\"}}],\"inLanguage\":\"es\"}]}<\/script>\n<!-- \/ Yoast SEO plugin. -->","yoast_head_json":{"title":"Alquiler de equipos y maquinaria industrial. Carretillas Elevadoras - Rent a Car Msf","description":"Amplia gama para alquiler de equipos y maquinaria industrial. Carretillas Elevadoras: transpaletas, apiladoras, retr\u00e1ctil, carretillas el\u00e9ctricas y diesel","robots":{"index":"index","follow":"follow","max-snippet":"max-snippet:-1","max-image-preview":"max-image-preview:large","max-video-preview":"max-video-preview:-1"},"canonical":"https:\/\/elsade.com\/es\/alquiler\/","og_locale":"es_ES","og_type":"article","og_title":"Alquiler de equipos y maquinaria industrial. Carretillas Elevadoras - Rent a Car Msf","og_description":"Amplia gama para alquiler de equipos y maquinaria industrial. Carretillas Elevadoras: transpaletas, apiladoras, retr\u00e1ctil, carretillas el\u00e9ctricas y diesel","og_url":"https:\/\/elsade.com\/es\/alquiler\/","og_site_name":"ELSADE MANUTENCI\u00d3","article_modified_time":"2017-09-05T11:08:41+00:00","twitter_card":"summary_large_image","twitter_misc":{"Tiempo de lectura":"1 minuto"},"schema":{"@context":"https:\/\/schema.org","@graph":[{"@type":"WebPage","@id":"https:\/\/elsade.com\/es\/alquiler\/","url":"https:\/\/elsade.com\/es\/alquiler\/","name":"Alquiler de equipos y maquinaria industrial. Carretillas Elevadoras - Rent a Car Msf","isPartOf":{"@id":"https:\/\/elsade.com\/es\/#website"},"primaryImageOfPage":{"@id":"https:\/\/elsade.com\/es\/alquiler\/#primaryimage"},"image":{"@id":"https:\/\/elsade.com\/es\/alquiler\/#primaryimage"},"thumbnailUrl":"https:\/\/elsade.com\/wp-content\/uploads\/2016\/07\/Apiladors_1_01.jpg","datePublished":"2017-08-14T09:32:25+00:00","dateModified":"2017-09-05T11:08:41+00:00","description":"Amplia gama para alquiler de equipos y maquinaria industrial. Carretillas Elevadoras: transpaletas, apiladoras, retr\u00e1ctil, carretillas el\u00e9ctricas y diesel","breadcrumb":{"@id":"https:\/\/elsade.com\/es\/alquiler\/#breadcrumb"},"inLanguage":"es","potentialAction":[{"@type":"ReadAction","target":["https:\/\/elsade.com\/es\/alquiler\/"]}]},{"@type":"ImageObject","inLanguage":"es","@id":"https:\/\/elsade.com\/es\/alquiler\/#primaryimage","url":"https:\/\/elsade.com\/wp-content\/uploads\/2016\/07\/Apiladors_1_01.jpg","contentUrl":"https:\/\/elsade.com\/wp-content\/uploads\/2016\/07\/Apiladors_1_01.jpg"},{"@type":"BreadcrumbList","@id":"https:\/\/elsade.com\/es\/alquiler\/#breadcrumb","itemListElement":[{"@type":"ListItem","position":1,"name":"Portada","item":"https:\/\/elsade.com\/es\/"},{"@type":"ListItem","position":2,"name":"Alquiler"}]},{"@type":"WebSite","@id":"https:\/\/elsade.com\/es\/#website","url":"https:\/\/elsade.com\/es\/","name":"ELSADE MANUTENCI\u00d3","description":"Formaci\u00f3n, cursos ","potentialAction":[{"@type":"SearchAction","target":{"@type":"EntryPoint","urlTemplate":"https:\/\/elsade.com\/es\/?s={search_term_string}"},"query-input":{"@type":"PropertyValueSpecification","valueRequired":true,"valueName":"search_term_string"}}],"inLanguage":"es"}]}},"_links":{"self":[{"href":"https:\/\/elsade.com\/es\/wp-json\/wp\/v2\/pages\/21","targetHints":{"allow":["GET"]}}],"collection":[{"href":"https:\/\/elsade.com\/es\/wp-json\/wp\/v2\/pages"}],"about":[{"href":"https:\/\/elsade.com\/es\/wp-json\/wp\/v2\/types\/page"}],"author":[{"embeddable":true,"href":"https:\/\/elsade.com\/es\/wp-json\/wp\/v2\/users\/1"}],"replies":[{"embeddable":true,"href":"https:\/\/elsade.com\/es\/wp-json\/wp\/v2\/comments?post=21"}],"version-history":[{"count":15,"href":"https:\/\/elsade.com\/es\/wp-json\/wp\/v2\/pages\/21\/revisions"}],"predecessor-version":[{"id":162,"href":"https:\/\/elsade.com\/es\/wp-json\/wp\/v2\/pages\/21\/revisions\/162"}],"wp:attachment":[{"href":"https:\/\/elsade.com\/es\/wp-json\/wp\/v2\/media?parent=21"}],"curies":[{"name":"wp","href":"https:\/\/api.w.org\/{rel}","templated":true}]}}

<div class="su-row">
<div class="su-column su-column-size-2-5"><div class="su-column-inner su-u-clearfix su-u-trim"> El alquiler de equipos y maquinaria es, en muchos casos, una opción más flexible y eficaz para las necesidades intralogísticas de su empresa. Le permitirá adecuar sus equipos a las necesidades de cada momento y mantener siempre su parque de vehículos renovada. Además, esta opción le permite una desgravación fiscal y transformar sus gastos variables en fijos.</p>
<p>En Msf disponemos de una amplia gama de equipos para gestionar la logística interna de su empresa con diversas modalidades de alquiler, ofreciéndole un contrato a medida según sus necesidades:</p>
<p>&#8211; Alquiler a largo plazo (renting y leasing)</p>
<p>&#8211; Alquiler a corto plazo: puntual y con total flexibilidad</p>
<p>&nbsp;</p>
<h4>Alquilamos todo tipo de Carretillas Elevadoras:</h4>
<p style="padding-left: 30px;">TRANSPALETAS</p>
<p style="padding-left: 30px;">APILADORAS</p>
<p style="padding-left: 30px;">RETRÁCTIL</p>
<p style="padding-left: 30px;">CARRETILLAS ELÉCTRICAS</p>
<p style="padding-left: 30px;">CARRETILLAS DIESEL</p>
</div></div><div class="su-column su-column-size-3-5"><div class="su-column-inner su-u-clearfix su-u-trim">
<img loading="lazy" decoding="async" class="alignnone wp-image-305 size-full" src="https://elsade.com/wp-content/uploads/2016/07/Apiladors_1_01.jpg" alt="Alquiler de equipos y maquinaria industrial. Carretillas Elevadoras. Apiladoras" width="285" height="242" /> <img loading="lazy" decoding="async" class="alignnone wp-image-308 size-full" src="https://elsade.com/wp-content/uploads/2016/07/retractil_1_02.jpg" alt="Alquiler de equipos y maquinaria industrial. Carretillas Elevadoras. Retráctil" width="122" height="242" /><img loading="lazy" decoding="async" class="alignnone wp-image-309 size-full" src="https://elsade.com/wp-content/uploads/2016/07/transpalets_1_03.jpg" alt="Alquiler de equipos y maquinaria industrial. Carretillas Elevadoras. Transpaletas" width="205" height="242" /><img loading="lazy" decoding="async" class="alignnone wp-image-306 size-full" src="https://elsade.com/wp-content/uploads/2016/07/carretons_diesel_1_05.jpg" alt="Alquiler de equipos y maquinaria industrial. Carretillas Elevadoras diesel" width="327" height="242" /> <img loading="lazy" decoding="async" class="alignnone wp-image-307 size-full" src="https://elsade.com/wp-content/uploads/2016/07/carretons_electrics_1_04.jpg" alt="Alquiler de equipos y maquinaria industrial. Carretillas Elevadoras eléctricas" width="285" height="242" /></p>
<p><span style="font-size: 1.5em; color: #0a3687; text-align: left;"><strong>Carretillas Elevadoras</strong></span></p>
<p>Disponemos de una amplia gama de soluciones para la limpieza industrial.</p>
</div></div>
</div>
<p>&nbsp;</p>
<p>&nbsp;</p>

<!-- This site is optimized with the Yoast SEO plugin v26.9 - https://yoast.com/product/yoast-seo-wordpress/ -->
<title>Alquiler de equipos y maquinaria industrial. Carretillas Elevadoras - Rent a Car Msf</title>
<meta name="description" content="Amplia gama para alquiler de equipos y maquinaria industrial. Carretillas Elevadoras: transpaletas, apiladoras, retráctil, carretillas eléctricas y diesel" />
<meta name="robots" content="index, follow, max-snippet:-1, max-image-preview:large, max-video-preview:-1" />
<link rel="canonical" href="https://elsade.com/es/alquiler/" />
<meta property="og:locale" content="es_ES" />
<meta property="og:type" content="article" />
<meta property="og:title" content="Alquiler de equipos y maquinaria industrial. Carretillas Elevadoras - Rent a Car Msf" />
<meta property="og:description" content="Amplia gama para alquiler de equipos y maquinaria industrial. Carretillas Elevadoras: transpaletas, apiladoras, retráctil, carretillas eléctricas y diesel" />
<meta property="og:url" content="https://elsade.com/es/alquiler/" />
<meta property="og:site_name" content="ELSADE MANUTENCIÓ" />
<meta property="article:modified_time" content="2017-09-05T11:08:41+00:00" />
<meta name="twitter:card" content="summary_large_image" />
<meta name="twitter:label1" content="Tiempo de lectura" />
	<meta name="twitter:data1" content="1 minuto" />
<script type="application/ld+json" class="yoast-schema-graph">{"@context":"https://schema.org","@graph":[{"@type":"WebPage","@id":"https://elsade.com/es/alquiler/","url":"https://elsade.com/es/alquiler/","name":"Alquiler de equipos y maquinaria industrial. Carretillas Elevadoras - Rent a Car Msf","isPartOf":{"@id":"https://elsade.com/es/#website"},"primaryImageOfPage":{"@id":"https://elsade.com/es/alquiler/#primaryimage"},"image":{"@id":"https://elsade.com/es/alquiler/#primaryimage"},"thumbnailUrl":"https://elsade.com/wp-content/uploads/2016/07/Apiladors_1_01.jpg","datePublished":"2017-08-14T09:32:25+00:00","dateModified":"2017-09-05T11:08:41+00:00","description":"Amplia gama para alquiler de equipos y maquinaria industrial. Carretillas Elevadoras: transpaletas, apiladoras, retráctil, carretillas eléctricas y diesel","breadcrumb":{"@id":"https://elsade.com/es/alquiler/#breadcrumb"},"inLanguage":"es","potentialAction":[{"@type":"ReadAction","target":["https://elsade.com/es/alquiler/"]}]},{"@type":"ImageObject","inLanguage":"es","@id":"https://elsade.com/es/alquiler/#primaryimage","url":"https://elsade.com/wp-content/uploads/2016/07/Apiladors_1_01.jpg","contentUrl":"https://elsade.com/wp-content/uploads/2016/07/Apiladors_1_01.jpg"},{"@type":"BreadcrumbList","@id":"https://elsade.com/es/alquiler/#breadcrumb","itemListElement":[{"@type":"ListItem","position":1,"name":"Portada","item":"https://elsade.com/es/"},{"@type":"ListItem","position":2,"name":"Alquiler"}]},{"@type":"WebSite","@id":"https://elsade.com/es/#website","url":"https://elsade.com/es/","name":"ELSADE MANUTENCIÓ","description":"Formación, cursos ","potentialAction":[{"@type":"SearchAction","target":{"@type":"EntryPoint","urlTemplate":"https://elsade.com/es/?s={search_term_string}"},"query-input":{"@type":"PropertyValueSpecification","valueRequired":true,"valueName":"search_term_string"}}],"inLanguage":"es"}]}</script>
<!-- / Yoast SEO plugin. -->

Amplia gama para alquiler de equipos y maquinaria industrial. Carretillas Elevadoras: transpaletas, apiladoras, retráctil, carretillas eléctricas y diesel

ELSADE MANUTENCIÓ

Formación, cursos
